rue
Is 3704343440 a multiple of 80?
True
Is 1046070984 a multiple of 168?
True
Does 580 divide 56012897?
False
Does 174 divide 835119036?
False
Is 7454 a factor of 605135903?
False
Is 907891751 a multiple of 2052?
False
Is 281499723 a multiple of 87?
True
Is 23 a factor of 202055829?
False
Does 55 divide 4946776?
False
Does 63 divide 5052165489?
True
Is 77186928 a multiple of 26?
True
Is 17981810 a multiple of 55?
True
Does 63 divide 492387462?
True
Is 17 a factor of 130510182?
False
Does 40 divide 28299177?
False
Is 361 a factor of 21393561?
False
Is 486477867 a multiple of 61?
True
Is 4057 a factor of 161703906?
True
Is 515 a factor of 9180905?
True
Is 31945375 a multiple of 175?
True
Does 20 divide 84971752?
False
Does 6 divide 1003603?
False
Is 240 a factor of 1255746240?
True
Does 40 divide 70905720?
True
Does 433 divide 178678316?
True
Does 73 divide 528596275?
False
Is 1702409072 a multiple of 2072?
True
Does 22 divide 8447025?
False
Is 61703754 a multiple of 114?
True
Is 199215998 a multiple of 9?
False
Is 58132685 a multiple of 457?
True
Is 132 a factor of 50975232?
True
Does 5 divide 307051292?
False
Is 2533 a factor of 137565594?
False
Is 189178721 a multiple of 1892?
False
Is 65033311 a multiple of 12?
False
Is 5212291 a multiple of 17?
False
Does 1529 divide 39980231?
False
Does 1003 divide 25890576?
False
Does 200 divide 376821011?
False
Is 58792959 a multiple of 1467?
True
Is 226771960 a multiple of 7?
False
Does 164 divide 72397144?
True
Is 335 a factor of 285447893?
False
Is 14220247 a multiple of 35?
False
Is 44 a factor of 214419700?
True
Is 506556694 a multiple of 2846?
True
Does 672 divide 106403847?
False
Is 4037551 even?
False
Does 5301 divide 408956408?
False
Is 40 a factor of 32126480?
True
Does 3071 divide 51979746?
True
Is 256 a factor of 3736148?
False
Is 1443 a factor of 388573850?
False
Does 1946 divide 37374876?
True
Is 1155974068 a multiple of 1647?
False
Is 6 a factor of 2608518?
True
Is 50595629 a multiple of 4?
False
Is 120 a factor of 6761487?
False
Is 40665676 a multiple of 71?
True
Does 565 divide 47177535?
False
Does 9 divide 255924558?
True
Does 20 divide 903803160?
True
Is 539 a factor of 695602677?
True
Is 19 a factor of 124629879?
False
Is 107 a factor of 64347339?
True
Does 553 divide 591156447?
True
Does 231 divide 7084591206?
True
Is 1104239840 a multiple of 155?
True
Is 4993610 a multiple of 26?
False
Is 60 a factor of 1554302520?
True
Does 32 divide 81038335?
False
Is 22 a factor of 965164596?
True
Is 4315 a factor of 798636654?
False
Is 13 a factor of 2970390891?
True
Is 69 a factor of 1902647?
False
Does 136 divide 14131080?
True
Is 22 a factor of 25682975?
False
Is 16630415 a multiple of 19?
True
Does 108 divide 185318496?
True
Does 17 divide 108438478?
True
Does 146 divide 19562102?
True
Is 393183315 a multiple of 12?
False
Is 211 a factor of 211255310?
True
Does 263 divide 335508574?
True
Is 13983713 a multiple of 1211?
False
Is 274199787 a multiple of 36?
False
Is 38626146 a multiple of 9?
True
Is 186 a factor of 37401996?
True
Is 28164376 a multiple of 1591?
False
Does 337 divide 5333362?
True
Does 131 divide 730670971?
True
Is 166 a factor of 23094655?
False
Is 212 a factor of 1362031948?
True
Is 2984124549 a multiple of 435?
False
Is 461 a factor of 458565069?
False
Is 626559300 a multiple of 270?
True
Does 5 divide 3064756511?
False
Is 65 a factor of 76624275?
True
Is 47502606 a multiple of 13?
False
Is 35429247 a multiple of 1699?
True
Is 439312193 a multiple of 1038?
False
Does 7 divide 282180430?
True
Is 348 a factor of 25554371?
False
Is 3877789860 a multiple of 7?
True
Does 1403 divide 257995099?
False
Does 9 divide 1984938768?
True
Does 45 divide 3357757440?
True
Is 92351350 a multiple of 182?
True
Is 446119579 a multiple of 52?
False
Is 288 a factor of 121255678?
False
Does 749 divide 349592005?
True
Is 172065558 a multiple of 1862?
True
Is 147873368 a multiple of 72?
False
Does 1285 divide 2406872939?
False
Is 37717240 a multiple of 44?
True
Is 23 a factor of 77338351?
True
Is 13 a factor of 260874662?
False
Is 652 a factor of 262125516?
True
Does 118 divide 842938758?
False
Is 2801 a factor of 2078932039?
False
Is 1814093890 a multiple of 11?
False
Is 4734639 a multiple of 329?
True
Is 20 a factor of 199161280?
True
Is 36 a factor of 25275798?
False
Is 491906100 a multiple of 21?
True
Does 220 divide 11109780?
True
Does 67 divide 4263210?
True
Is 171148865 a multiple of 73?
True
Does 517 divide 139013833?
False
Is 1395546716 a multiple of 772?
True
Is 90742067 a multiple of 14?
False
Is 9 a factor of 25965286?
False
Is 8312982 a multiple of 90?
False
Is 676740445 a multiple of 967?
True
Does 961 divide 797921183?
True
Does 7 divide 120245552?
True
Is 1189 a factor of 114196316?
True
Does 8 divide 26157847?
False
Is 39359958 a multiple of 609?
False
Does 275 divide 22708125?
True
Is 8052 a factor of 539781924?
True
Is 83742730 a multiple of 394?
True
Does 51 divide 42836226?
True
Is 76 a factor of 16723040?
True
Does 450 divide 20965191?
False
Does 1207 divide 817204178?
True
Does 1387 divide 169390217?
False
Does 757 divide 9592704?
True
Is 11 a factor of 52949549?
False
Is 892036894 a multiple of 50?
False
Is 31862993 a multiple of 379?
False
Does 145 divide 391677045?
True
Is 620 a factor of 3979834560?
True
Is 417 a factor of 21570576?
True
Does 49 divide 41620600?
True
Is 107999125 a multiple of 125?
True
Does 2020 divide 193958076?
False
Does 3763 divide 171780660?
False
Is 3146 a factor of 797401447?
False
Is 16159788 a multiple of 6?
True
Does 1052 divide 11065988?
True
Does 9 divide 17486388?
True
Is 789197136 a multiple of 3896?
True
Is 4 a factor of 282674961?
False
Is 2112815643 a multiple of 95?
False
Is 122931306 a multiple of 1010?
False
Does 13 divide 2364742153?
False
Is 8079 a factor of 161409221?
False
Is 1526921254 a multiple of 74?
True
Is 21869411 a multiple of 23?
False
Does 11 divide 29155423?
True
Does 249 divide 12820346?
False
Is 670 a factor of 86072890?
True
Is 477 a factor of 36244731?
False
Does 305 divide 55639106?
False
Is 90582923 a multiple of 127?
False
Does 258 divide 87581855?
False
Is 125 a factor of 307586875?
True
Is 210 a factor of 35018340?
True
Is 996 a factor of 2472850872?
True
Does 295 divide 169221145?
True
Is 17 a factor of 1643204087?
False
Does 449 divide 3051021808?
False
Does 837 divide 27540648?
True
Does 145 divide 15615050?
True
Is 26660284 a multiple of 17?
True
Does 1964 divide 257799566?
False
Does 89 divide 12284136?
True
Does 145 divide 4526610?
True
Is 27755273 a multiple of 23?
True
Does 51 divide 165416052?
True
Is 56 a factor of 1510372608?
False
Is 50 a factor of 53707984?
False
Is 160 a factor of 96048924?
False
Does 562 divide 79542108?
True
Does 7 divide 595060032?
True
Is 15 a factor of 46388385?
True
Is 1774 a factor of 433517204?
False
Is 757 a factor of 81270929?
False
Is 14234088 a multiple of 63?
False
Is 43 a factor of 44401671?
True
Is 3 a factor of 12913802?
False
Is 1107784070 a multiple of 1147?
True
Is 104050848 a multiple of 12?
True
Is 1172 a factor of 1017296?
True
Does 30 divide 1107064298?
False
Is 54 a factor of 318655134?
True
Is 637 a factor of 467704120?
False
Is 347752769 a multiple of 1318?
False
Is 32450547 a multiple of 8?
False
Is 1209464068 a multiple of 1670?
False
Is 22 a factor of 86034498?
True
Does 273 divide 62747778?
False
Is 7 a factor of 81036601?
False
Is 487 a factor of 101964403?
False
Is 43 a factor of 233955347?
False
Is 28 a factor of 1245188?
True
Is 72325807 a multiple of 23?
False
Is 34293395 a multiple of 6?
False
Is 22519634 a multiple of 5?
False
Is 70 a factor of 912444010?
False
Is 221714903 a multiple of 7?
False
Does 2517 divide 939766057?
False
Does 3242 divide 149850733?
False
Is 4982976 a multiple of 8?
True
Does 855 divide 4829374305?
True
Does 2 divide 9730767?
False
Is 67 a factor of 10250693?
False
Does 9 divide 729498228?
False
Does 59 divide 3630329?
True
Is 83 a factor of 198255928?
False
Does 14 divide 71650469?
False
Is 43208571 a multiple of 866?
False
Is 1041251813 a multiple of 931?
True
Is 6145100 a multiple of 25?
True
Is 337 a factor of 23770295?
True
Is 73 a factor of 13756686?
False
Is 294 a factor of 273707826?
True
Is 1456 a factor o